y p(5)?
19
Let d(o) = 4*o - 3. Let a = 5 + 0. Suppose 5*c + a*w + 10 = 0, -c = c + 5*w + 19. Calculate the remainder when 35 is divided by d(c).
8
Let m(q) = 2*q - 1. What is the remainder when 7 is divided by m(2)?
1
Calculate the remainder when (-946)/(-14) + (-3)/(-7) is divided by 19.
11
Suppose 4*d - 16 + 4 = 0. Let v = -4 + d. What is the remainder when 2 - 1 - (-25 - v) is divided by 9?
7
Let r = 51 + -29. Suppose k - 3*k - p + 176 = 0, -2*k + 168 = -3*p. Calculate the remainder when k is divided by r.
21
Suppose 0 = -3*n, -4*n - n = 2*w - 92. What is the remainder when w is divided by 16?
14
Suppose u = z - 4*u + 22, 4*z + 13 = -5*u. Let v(g) be the second derivative of g**4/12 + g**3/2 + 2*g**2 - g. What is the remainder when v(z) is divided by 11?
10
Suppose -2*c + 191 = -k, -2*c - 2*k + 500 = 3*c. Let p = -58 + c. What is the remainder when p is divided by 14?
12
Let m = -16 + 17. Let g(u) = 5*u**2 + u. Let x(y) = 5*y**2 - y. Calculate the remainder when g(m) is divided by x(1).
2
Let t be 1/(-5) + (-84)/(-20). Suppose t*b + 47 + 52 = -x, -24 = b + x. Let a = 0 - b. What is the remainder when a is divided by 9?
7
Let f(g) = -g**3 + 19*g**2 + 22*g - 37. Suppose 0 = 5*h - 3*j - 11, -3*h - 4*j = -2*h - 16. What is the remainder when h is divided by f(20)?
1
Suppose 2*s = 5*s. Suppose s = -4*k + 213 + 3. What is the remainder when k is divided by 28?
26
Let a = -14 - -33. Let m be 4/(-10) + 184/10. Let g = m - 11. What is the remainder when a is divided by g?
5
Suppose -d = n - 0*d - 108, 0 = 4*n - 3*d - 446. Calculate the remainder when 4/16 + n/8 is divided by 8.
6
Let n = 17 - -13. Let x = 67 + -9. Calculate the remainder when x is divided by n.
28
Let p = -53 - -79. Let t(m) = m**3 - 9*m**2 + 5*m + 6. Calculate the remainder when t(9) is divided by p.
25
Suppose w + 45 = 4*w. Suppose -y = 4*y - b - 75, 2*b = y - w. What is the remainder when y is divided by 1*(0 - 1*-8)?
7
Suppose -8*i + 92 = -6*i. What is the remainder when 227 is divided by i?
43
Suppose 0 = 3*y + 2*y + 25. What is the remainder when 10 is divided by (1/y - -1)*5?
2
Let x(i) = -i - 3. Let g(c) = c**3 - 4*c**2 - 5*c - 7. Let a be g(5). What is the remainder when 1*((0 - -2) + 9) is divided by x(a)?
3
Let r(x) = -14*x + 7. Let n be r(-5). Let f = n + -28. Let v = -24 + f. Calculate the remainder when v is divided by 13.
12
Let p = -4 - 13. Let u = p + 48. Calculate the remainder when u is divided by -22*(-1 + 1/2).
9
Let j be ((-39)/4)/(2/16). Let x = 113 + j. Calculate the remainder when x is divided by 9.
8
Let i = 12 + -10. Calculate the remainder when 41 is divided by (1 - i)*44/(-2).
19
Suppose -2*t + 38 = -5*z + 7*z, -t + 4*z = 6. Calculate the remainder when 25 is divided by t.
11
Suppose 4*q = -5*w + 14, 5*w - 11 = -0*w - q. Let g = 8 + w. Calculate the remainder when 28 is divided by g.
8
Let s(v) = -v**2 - 8*v + 2. Calculate the remainder when s(-6) is divided by 5.
4
Calculate the remainder when 2 is divided by (1/(-5))/((-25)/250).
0
Let c = -51 + 110. Suppose -m = 8 - c. What is the remainder when m is divided by 13?
12
Let n = 0 + 3. Let a = n - -3. What is the remainder when a is divided by 3?
0
Suppose 0 = -4*u - 16, 0*l - u = -l + 115. What is the remainder when l is divided by 38?
35
Let l(y) = -3*y + 6. Calculate the remainder when l(-5) is divided by 7*-3*(-8)/28.
3
Suppose o + 4*m = 1, o - 1 = -2*m + 4. Let k(z) = 2*z**2 - 9*z + 6. Calculate the remainder when k(6) is divided by o.
6
What is the remainder when 23 is divided by (6 - 1/(4/12)) + 2?
3
Let i = 28 + -13. Calculate the remainder when 4 + (-843)/(-21) - (-1)/(-7) is divided by i.
14
Suppose a - 15 = 8. Calculate the remainder when 45 is divided by a.
22
Suppose -100 = -7*x + 2*x. Let m(c) = c**2 + 3*c - 1. Let z be m(-4). Suppose 2*n + 5 = y, -z*y + 2 + x = n. What is the remainder when 20 is divided by y?
6
Let i = -10 - -23. Calculate the remainder when 61 is divided by i.
9
Suppose 8 = 3*z - 7. Suppose -z*g + 11 = -4*g. What is the remainder when g is divided by 3?
2
Let h(o) = o**3 - 6*o**2 - 5*o + 2. Let l(c) = c**2 + 3*c - 3. Let g be l(-5). What is the remainder when 46 is divided by h(g)?
14
What is the remainder when 23/(-4*(-2)/8) is divided by 12?
11
Let w = -1 + 28. What is the remainder when 51 is divided by w?
24
Suppose 2*r - 23 = -r + 5*q, -2*q + 10 = 0. Let c = 5 - 3. Calculate the remainder when (31 - (c + -1))*1 is divided by r.
14
Let o be -4*2/((-24)/(-21)). Let h = o + 4. Calculate the remainder when h/(-9) + 130/6 is divided by 8.
6
Suppose -j = -6*j - 5*u + 70, -3*j - 2*u = -39. Let q be 0 - (0 + 1) - -17. Let y = q - 10. Calculate the remainder when j is divided by y.
5
Let i(z) = 6*z**2 + 15*z - 1. Calculate the remainder when i(-5) is divided by 38.
36
Suppose 3*k + 29 = c - k, 20 = 5*c + 5*k. What is the remainder when c is divided by 4?
1
Let n(o) = o**2 - 9*o + 10. Let t be n(8). Suppose 0 = -5*c + 22 + 8. Suppose c*h = t*h + 52. What is the remainder when 37 is divided by h?
11
Suppose 4*d + 4*d - 96 = 0. Calculate the remainder when 59 is divided by d.
11
Let p(w) = -w**3 + 2*w**2 + 3*w - 2. Let r be p(3). What is the remainder when (-3)/(r*3/42) is divided by (-1 + -5)/(-6)*1*11?
10
Let n(l) = l + 3. Let v be (-4)/(-3)*(4 - 1). Let x(u) = u**2 - 5*u + 4. Calculate the remainder when n(v) is divided by x(5).
3
Suppose r - 10 = -s - 0*r, 2*r = -4*s + 48. Let z be (4 - -8) + 1*-1. Suppose o - 29 = z. What is the remainder when o is divided by s?
12
Suppose -3*t - u + 3*u - 8 = 0, -u - 14 = 3*t. What is the remainder when 77 is divided by (-12)/(1*3/t)?
13
Suppose 5*v = -5*a + 4 + 11, 5*a = -v + 23. Let s be (-1)/1 + 1 + v. Let r = s - -24. Calculate the remainder when r is divided by 12.
10
Suppose -2*y - 7 = -5*b, -2*y = b - 4*y + 5. Let p(d) = -2*d. Let k be p(b). What is the remainder when 11 is divided by ((-8)/k)/((-2)/(-9))?
5
Let j(r) = -10*r**3 - 58*r**2 + 5*r - 5. What is the remainder when j(-6) is divided by (-2 - 0)*38/(-4)?
18
Let j(d) = 0*d**2 + d**2 - 2*d**2 - d**3. What is the remainder when 13 is divided by j(-2)?
1
Suppose 0 = 2*u - 5*u + 3. Suppose -u = -2*p - 5, -9 = -k - p. What is the remainder when 30 is divided by k?
8
Let g = -6 + 11. Let t = 14 - g. Let o = 37 + -21. Calculate the remainder when o is divided by t.
7
What is the remainder when (-61)/(-1) + (4 - 1 - 3) is divided by 31?
30
Suppose k = -3*z + 7, -k - 2 - 1 = 5*z. Let v = k + -17. Calculate the remainder when 8 is divided by v.
3
Suppose 13 + 27 = 4*a. Let m = 3 - -1. Suppose -m*q = 4 - 28. Calculate the remainder when a is divided by q.
4
Let z(q) = -q + q**2 + q - 10 + 12. Let p be z(0). Suppose x = 5*b + 18, 0*b - p*b = -2*x + 20. Calculate the remainder when 29 is divided by x.
5
Let o(b) = b**2 - 2*b - 1. Let k be o(6). Let w = k + -12. What is the remainder when ((-24)/10)/(6/(-80)) is divided by w?
10
Suppose 4*t = -0*t - 168. Let j = t - -21. What is the remainder when (-14)/j + (-100)/(-3) is divided by 12?
10
Let y(i) = 15*i + 5. Calculate the remainder when y(3) is divided by 9.
5
Suppose 30*f = 26*f + 308. Let b = -49 + 69. What is the remainder when f is divided by b?
17
Suppose 3*k - 29 = 2*x - 6*x, 5*k - 3*x = 0. Calculate the remainder when 14 is divided by k.
2
Suppose -a = 4*a - 30. Let k = -4 + a. What is the remainder when k is divided by 2?
0
Suppose 0 = -0*y - y. Let z be 0 - (y + 1 - 0). What is the remainder when 34 + (6/z)/3 is divided by 11?
10
Let b(c) = -4*c - 2. What is the remainder when 67 is divided by b(-4)?
11
Let h(j) = -j**2 + 4*j + 1. Let o be h(2). Suppose k - 21 = -3*l, o*k - 3*l - 52 + 1 = 0. What is the remainder when 81 is divided by k?
9
Suppose r + 19 = 2*s, -6*r + r = s + 51. What is the remainder when 31 is divided by (-1)/((3/r)/3)?
9
Let f(m) = -m**3 - 6*m**2 + 2*m + 8. Let k be f(-6). Suppose -5*a + 2*a + 12 = 0. Calculate the remainder when -5*(-1)/k*-8 is divided by a.
2
Calculate the remainder when (-2)/8*-43 - (-2)/8 is divided by (1/(-1))/(2/(-14)).
4
Suppose -5*u + 5*p + 506 = -59, -462 = -4*u - p. Calculate the remainder when u is divided by 39.
37
Let n be (-32)/18 - 4/18. Let a be (16 - 12) + 1 + -1. Calculate the remainder when (n - 2)/(a/(-8)) is divided by 5.
3
Let n(r) = -r + 5. Let m be n(4). Let g = 